 - 41. Give o(-85).
129
Let f(j) = -25*j - 1307. Give f(-71).
468
Let r(m) = 3*m**3 + 344*m**2 + 184*m - 5019. Give r(-114).
-3
Let k(v) = 2*v**2 + 1145*v - 5187. What is k(-577)?
6
Let c(r) = 126226*r + 2145802. What is c(-17)?
-40
Let b(g) = 7*g**3 + 118*g**2 + 56*g + 256. Calculate b(-17).
-985
Let u(b) = -8*b**3 + 81*b**2 - 19*b + 60. Determine u(9).
618
Let w(o) = 2776*o + 302561. Determine w(-109).
-23
Let x(b) = 3*b**2 - 434*b - 2740. Give x(-6).
-28
Let f(c) = -5290*c - 301526. Give f(-57).
4
Let x(l) = -340350*l - 2. Give x(0).
-2
Let y(v) = -2493490*v - 12467452. What is y(-5)?
-2
Let o(m) = 9*m**2 - 363*m - 2796. Determine o(-7).
186
Let j(g) = 14698*g - 73472. Give j(5).
18
Let m(v) = 15*v**3 - 398*v + 1181. Determine m(3).
392
Let m(t) = -1437*t + 4678. What is m(4)?
-1070
Let l(k) = -2*k**2 - 6*k + 141. Determine l(-14).
-167
Let u(q) = -5*q**2 - 701*q + 78919. Give u(-214).
-47
Let d(c) = 3050*c + 240961. What is d(-79)?
11
Let c(x) = 1523*x - 11034. Determine c(7).
-373
Let q(p) = 5*p**3 - 219*p**2 + 1573*p - 15. Determine q(9).
48
Let f(x) = 53*x**3 + 164*x**2 + 4*x - 24. Calculate f(-3).
9
Let p(t) = -10*t**3 - 60*t**2 + 35*t + 201. Calculate p(-6).
-9
Let w(j) = 469*j + 29810. Calculate w(-74).
-4896
Let f(l) = -44*l**2 - 849*l - 267. Calculate f(-19).
-20
Let c(f) = 19613*f - 38739. Give c(2).
487
Let i(h) = -61*h**2 - 382*h + 94. Determine i(-7).
-221
Let s(q) = -q**3 - 28*q**2 - 138*q - 404. Calculate s(-23).
125
Let y(z) = -69*z + 152. Calculate y(-42).
3050
Let r(q) = 183*q - 44797. Determine r(244).
-145
Let n(k) = -7442*k + 8096884. Give n(1088).
-12
Let u(c) = c**3 - 24*c**2 + 5*c - 15. Determine u(24).
105
Let r(j) = j**2 + 221*j + 12264. Give r(-84).
756
Let k(n) = 4400*n - 259596. Determine k(59).
4
Let j(r) = 7*r**2 + 2959*r - 423755. What is j(113)?
-5
Let o(x) = -18*x**2 - 446*x - 2031. Determine o(-6).
-3
Let p(u) = 853*u**2 + 40892*u - 2494. Calculate p(-48).
2
Let f(r) = 335*r + 546. Give f(-1).
211
Let d(b) = -2*b**3 + 1373*b**2 - 147650*b - 546. What is d(553)?
7
Let n(k) = -2*k**3 - 29*k**2 + 1893*k + 384. What is n(-39)?
1086
Let d(m) = m**3 - 84*m**2 + 3*m + 6650. Calculate d(83).
10
Let f(b) = -b**2 + 788*b + 77325. Calculate f(-88).
237
Let h(u) = -3836*u - 4008604. Calculate h(-1045).
16
Let v(l) = -2*l**3 - 19*l**2 + 3057*l + 24549. Calculate v(-8).
-99
Let l(k) = 31693*k + 2155135. Give l(-68).
11
Let o(a) = -7*a**3 - 11*a**2 + 450*a + 906. Give o(-2).
18
Let k(z) = -z**3 + 354*z**2 - 3436*z - 1341. Calculate k(344).
35
Let g(l) = -807*l + 79883. Determine g(99).
-10
Let s(j) = 58*j**2 + 8680*j + 8671. Give s(-1).
49
Let w(m) = -39076*m + 38955. Calculate w(1).
-121
Let m(c) = 14*c**2 + 5438*c + 166152. Give m(-355).
12
Let v(a) = a**3 - 28*a**2 - 247*a + 7820. Give v(26).
46
Let n(m) = m**3 - 125*m**2 + 594*m - 107753. Calculate n(127).
-57
Let y(z) = 14371*z - 1106575. Give y(77).
-8
Let x(c) = -1352*c - 59488. Give x(-44).
0
Let b(f) = -9*f**2 + 182*f - 782. Calculate b(7).
51
Let p(w) = w**3 - 61*w**2 - 455*w - 946. Determine p(68).
482
Let c(n) = -352*n - 26509. Give c(-75).
-109
Let v(a) = 7*a**2 + 26*a - 960. Determine v(-14).
48
Let q(a) = 11*a**2 - 30*a - 173. Determine q(-4).
123
Let m(v) = -1413*v + 254109. What is m(180)?
-231
Let h(f) = 2*f**3 + 276*f**2 + 8466*f + 160. What is h(-92)?
-24
Let h(s) = 4*s**3 - 1091*s**2 + 2990*s - 5396. What is h(270)?
4
Let i(u) = -375*u + 2108. Determine i(7).
-517
Let a(z) = -473*z**2 - 2*z + 21. Calculate a(0).
21
Let r(v) = -192302*v + 576922. Give r(3).
16
Let i(m) = -31*m**2 + 71*m + 51. Determine i(8).
-1365
Let o(z) = 200295*z + 5608254. Give o(-28).
-6
Let a(z) = 737*z + 13033. What is a(-17)?
504
Let n(f) = -11490*f - 298735. Determine n(-26).
5
Let a(t) = t**2 + 8954*t - 98620. What is a(11)?
-5
Let c(q) = -4*q**3 + 1225*q**2 - 757*q + 138019. Determine c(306).
13
Let f(z) = 597*z - 9259. Give f(14).
-901
Let r(c) = c**3 - 20*c**2 + 9*c + 548. Determine r(0).
548
Let w(v) = 19*v**2 - 3134*v + 12310. Give w(161).
235
Let i(x) = x**3 - 87*x**2 + 395*x + 68. Calculate i(5).
-7
Let r(c) = 473*c + 89913. What is r(-192)?
-903
Let v(d) = d**3 + 6*d**2 - 201*d + 702. What is v(8)?
-10
Let n(i) = -79*i**3 - 58*i - 148. Give n(-2).
600
Let o(c) = -c**2 + 221*c - 5384. What is o(25)?
-484
Let v(g) = 1346*g - 11379. Give v(8).
-611
Let b(m) = 2*m**3 + 76*m**2 + 11*m + 280. Calculate b(-38).
-138
Let y(h) = -1263*h**3 - 2*h**2 - 13*h - 9. What is y(-1)?
1265
Let o(t) = -3960*t**2 - 27710*t - 37. Determine o(-7).
-107
Let r(c) = -47*c**2 + 2615*c - 1646. Give r(55).
4
Let q(p) = 603*p + 3189. Determine q(-5).
174
Let i(r) = 120*r + 319. Determine i(19).
2599
Let y(q) = -7*q**3 - 103*q**2 - 34*q + 110. Give y(-8).
-2626
Let m(d) = 18*d**3 + 133*d**2 - 83*d + 46. Determine m(-8).
6
Let b(z) = -z**3 + 19*z**2 + 643*z + 3519. Give b(-9).
0
Let i(d) = -d**3 - 15*d**2 + 726*d + 2684. Give i(-34).
-36
Let p(d) = 40*d - 4579. Determine p(82).
-1299
Let n(p) = -3*p**2 - 1185*p - 3582. Determine n(-3).
-54
Let y(a) = 355*a**3 - 14*a**2 + 45*a - 104. Determine y(2).
2770
Let o(m) = 4*m**3 + 5*m**2 + 2363*m + 9421. Give o(-4).
-207
Let s(p) = -19864*p + 19846. Calculate s(1).
-18
Let v(x) = -34*x**2 + 643*x - 173. Determine v(19).
-230
Let x(h) = -h**3 - 22*h**2 - 153*h - 347. What is x(-7)?
-11
Let b(k) = -10303*k - 133466. What is b(-13)?
473
Let y(j) = -8*j**3 - 103*j**2 - 17634*j - 229405. Give y(-13).
6
Let n(i) = 2*i**2 + 572*i - 25079. Determine n(38).
-455
Let w(g) = -g**3 - 11280*g**2 - 146471*g + 5. Determine w(-13).
5
Let l(k) = 14729*k + 88286. Determine l(-6).
-88
Let q(j) = 3368*j + 63859. What is q(-19)?
-133
Let c(m) = -60*m**2 + 3734*m - 11171. What is c(3)?
-509
Let z(x) = 4142*x - 360334. Determine z(87).
20
Let d(q) = -q**2 + 34297*q - 102885. What is d(3)?
-3
Let n(i) = 1999*i + 57986. Give n(-29).
15
Let y(c) = -c**3 - 130*c**2 - 375*c + 751. What is y(-127)?
-11
Let d(v) = v**3 + 17*v**2 - 8866*v + 433. Calculate d(86).
-255
Let h(m) = -181*m - 11643. Give h(-65).
122
Let z(t) = 19*t**3 + 171*t**2 - 56*t - 328. Calculate z(-8).
1336
Let v(j) = -7*j**2 - 490*j - 7859. What is v(-25)?
16
Let y(n) = -5*n**2 - 40892*n - 285998. Calculate y(-7).
1
Let i(l) = 2*l**3 + 64*l**2 - 2060*l - 427. What is i(20)?
-27
Let c(p) = 836*p - 79397. Give c(95).
23
Let y(o) = -o**3 + 133*o**2 - 648*o + 28. Calculate y(5).
-12
Let y(v) = -1518*v - 8755. Give y(-6).
353
Let i(c) = 91*c**2 - 66501*c - 66501. Give i(-1).
91
Let w(c) = c**3 - 194*c**2 - 7038*c + 127334. What is w(223)?
1
Let s(d) = -330059*d - 1650292. Calculate s(-5).
3
Let s(c) = 4*c**2 + 13179*c + 131391. Determine s(-10).
1
Let h(q) = q**2 - 42*q - 718. Give h(-10).
-198
Let x(d) = d**2 - 38601*d - 270258. What is x(-7)?
-2
Let o(s) = s**3 + 78*s**2 + 143*s + 100. What is o(-76)?
784
Let k(n) = -7*n**3 + 18*n**2 + 76*n + 4. Give k(0).
4
Let l(q) = -q**3 + 18*q**2 + 390*q - 7319. Calculate l(24).
-1415
Let u(i) = i**3 + 497*i**2 + 10898*i - 2082. What is u(-474)?
-186
Let g(a) = 152*a**2 - 9901*a - 20421. Give g(-2).
-11
Let s(n) = n**2 + 1034*n + 40585. Calculate s(-40).
825
Let p(l) = l**2 + 266*l - 225366. Determine p(360).
-6
Let a(d) = -d**3 - 202*d**2 + 289*d + 17495. Give a(-203).
37
Let r(h) = 5788*h - 39129. What is r(7)?
1387
Let l(s) = -231*s - 4091. Determine l(-19).
298
Let v(k) = 3*k**2 + 48418*k + 1112031. What is v(-23)?
4
Let c(j) = -14451*j + 216768. Give c(15).
3
Let y(g) = 243*g + 5601. Calculate y(-25).
-474
Let c(b) = -141*b**2 + 1288*b - 1. Give c(9).
170
Let a(z) = -565*z - 94904. Give a(-168).
16
Let r(t) = -3*t**3 - 8*t**2 + 265*t + 1054. Calculate r(-4).
58
Let y(g) = 2*g**2 + 85*g + 886. Calculate y(-21).
-17
Let u(i) = -336*i - 2936. Determine u(-9).
88
Let z(b) = -887*b - 15059. Give z(-17).
20
Let n(d) = -d**3 - 214*d**2 - 1976*d - 375523. Determine n(-213).
-4
Let w(a) = -a**3 - 6*a**2 + 106*a + 659. What is w(-8)?
-61
Let s(p) = -331*p - 1047. Calculate s(-4).
277
Let p(r) = 187*r**2 - 129*r - 626. What is p(-5)?
4694
Let i(v) = -14968*v + 2379937. What is i(159)?
25
Let f(m) = 608*m + 3739. Give f(-9).
-1733
Let u(m) = -5*m**2 - 1504*m + 4534. What is u(3)?
-23
Let v(d) = -109*d**2 - 9153*d + 340. Determine v(-84).
88
Let g(p) = p**2 + 18523*p - 3121186. Give g